nder when 68690 is divided by 26?
24
Calculate the remainder when 6016 is divided by 35.
31
What is the remainder when 40204 is divided by 67?
4
Calculate the remainder when 503424 is divided by 173.
167
What is the remainder when 173 is divided by 129?
44
What is the remainder when 147050 is divided by 389?
8
What is the remainder when 391541 is divided by 105?
101
What is the remainder when 6745 is divided by 3370?
5
What is the remainder when 1083 is divided by 419?
245
Calculate the remainder when 11394 is divided by 74.
72
Calculate the remainder when 1182 is divided by 558.
66
What is the remainder when 20202 is divided by 2588?
2086
Calculate the remainder when 55373 is divided by 45.
23
Calculate the remainder when 11838 is divided by 77.
57
What is the remainder when 25714 is divided by 43?
0
Calculate the remainder when 5861 is divided by 365.
21
What is the remainder when 5518 is divided by 567?
415
Calculate the remainder when 14393858 is divided by 13.
11
Calculate the remainder when 2368263 is divided by 1403.
1402
Calculate the remainder when 5894 is divided by 131.
130
What is the remainder when 9551 is divided by 3?
2
What is the remainder when 1687137 is divided by 210?
207
Calculate the remainder when 13938 is divided by 6939.
60
What is the remainder when 4576 is divided by 498?
94
Calculate the remainder when 22338 is divided by 7397.
147
What is the remainder when 27729 is divided by 3079?
18
What is the remainder when 694 is divided by 66?
34
What is the remainder when 17694 is divided by 20?
14
What is the remainder when 109344 is divided by 36443?
15
What is the remainder when 9028 is divided by 4512?
4
Calculate the remainder when 10363 is divided by 1478.
17
Calculate the remainder when 3527 is divided by 3511.
16
What is the remainder when 35870 is divided by 403?
3
Calculate the remainder when 1236 is divided by 286.
92
What is the remainder when 2696 is divided by 807?
275
Calculate the remainder when 800 is divided by 183.
68
What is the remainder when 789556 is divided by 154?
152
What is the remainder when 83772 is divided by 9?
0
What is the remainder when 9505 is divided by 68?
53
What is the remainder when 7955 is divided by 40?
35
Calculate the remainder when 41400 is divided by 39.
21
Calculate the remainder when 17208 is divided by 1147.
3
What is the remainder when 2246724 is divided by 242?
238
What is the remainder when 226230 is divided by 22621?
20
Calculate the remainder when 432291 is divided by 1983.
1980
Calculate the remainder when 442915 is divided by 12.
7
Calculate the remainder when 28757 is divided by 36.
29
Calculate the remainder when 1154797 is divided by 5.
2
What is the remainder when 35045 is divided by 727?
149
Calculate the remainder when 1007 is divided by 147.
125
What is the remainder when 6992 is divided by 37?
36
What is the remainder when 745 is divided by 33?
19
What is the remainder when 909788 is divided by 41?
39
Calculate the remainder when 19622 is divided by 317.
285
What is the remainder when 13734 is divided by 381?
18
What is the remainder when 1149358 is divided by 125?
108
Calculate the remainder when 337631 is divided by 283.
12
What is the remainder when 25729 is divided by 12748?
233
Calculate the remainder when 138459 is divided by 2129.
74
What is the remainder when 9454378 is divided by 1173?
1171
Calculate the remainder when 3515 is divided by 196.
183
What is the remainder when 3775571 is divided by 22?
19
What is the remainder when 1764 is divided by 205?
124
What is the remainder when 3538 is divided by 545?
268
Calculate the remainder when 4596 is divided by 2170.
256
Calculate the remainder when 27222 is divided by 1046.
26
Calculate the remainder when 324342 is divided by 35.
32
Calculate the remainder when 101189 is divided by 77.
11
What is the remainder when 20014 is divided by 61?
6
Calculate the remainder when 41468 is divided by 8.
4
Calculate the remainder when 402248 is divided by 57.
56
What is the remainder when 73209 is divided by 684?
21
What is the remainder when 29068 is divided by 45?
43
Calculate the remainder when 6885 is divided by 1144.
21
What is the remainder when 4973 is divided by 513?
356
What is the remainder when 16341 is divided by 97?
45
What is the remainder when 145705 is divided by 17?
15
Calculate the remainder when 13026 is divided by 1447.
3
Calculate the remainder when 3725 is divided by 463.
21
What is the remainder when 2962 is divided by 2909?
53
Calculate the remainder when 7972 is divided by 386.
252
Calculate the remainder when 773094 is divided by 193273.
2
Calculate the remainder when 82750 is divided by 32.
30
What is the remainder when 82283 is divided by 350?
33
Calculate the remainder when 1347 is divided by 3.
0
Calculate the remainder when 9821 is divided by 428.
405
Calculate the remainder when 1119260 is divided by 10559.
6
What is the remainder when 13533 is divided by 488?
357
Calculate the remainder when 56070 is divided by 126.
0
What is the remainder when 7171 is divided by 3550?
71
Calculate the remainder when 14561 is divided by 103.
38
What is the remainder when 11689 is divided by 1298?
7
Calculate the remainder when 674993 is divided by 125.
118
Calculate the remainder when 45303 is divided by 604.
3
What is the remainder when 21433 is divided by 1954?
1893
Calculate the remainder when 96261 is divided by 176.
165
Calculate the remainder when 1510 is divided by 709.
92
What is the remainder when 1174933 is divided by 73?
71
Calculate the remainder when 7023 is divided by 377.
237
What is the remainder when 25505 is divided by 3643?
4
What is the remainder when 14293 is divided by 840?
13
Calculate the remainder when 839 is divided by 32.
7
Calculate the remainder when 13283 is divided by 512.
483
What is the remainder when 6138358 is divided by 36?
34
What is the remainder when 1746 is divided by 1691?
55
What is the remainder when 4101 is divided by 4075?
26
Calculate the remainder when 283580 is divided by 35444.
28
Calculate the remainder when 14165 is divided by 1412.
45
What is the remainder when 66903 is divided by 131?
93
What is the remainder when 224750 is divided by 9?
2
Calculate the remainder when 1455403 is divided by 5.
3
Calculate the remainder when 487747 is divided by 243868.
11
What is the remainder when 170688 is divided by 23?
5
What is the remainder when 4601 is divided by 356?
329
What is the remainder when 9039 is divided by 2597?
1248
Calculate the remainder when 43995 is divided by 815.
800
Calculate the remainder when 25509 is divided by 97.
95
Calculate the remainder when 1327423 is divided by 112.
111
Calculate the remainder when 292218 is divided by 26562.
36
What is the remainder when 3818 is divided by 176?
122
What is the remainder when 169667 is divided by 95?
92
Calculate the remainder when 362 is divided by 6.
2
Calculate the remainder when 245225 is divided by 71.
62
What is the remainder when 113906 is divided by 721?
709
Calculate the remainder when 29444 is divided by 14705.
34
What is the remainder when 109888 is divided by 15?
13
Calculate the remainder when 9179 is divided by 253.
71
Calculate the remainder when 7278 is divided by 7072.
206
Calculate the remainder when 9535 is divided by 3172.
19
Calculate the remainder when 119879 is divided by 540.
539
What is the remainder when 4275 is divided by 226?
207
Calculate the remainder when 1212408 is divided by 173199.
15
Calculate the remainder when 699943 is divided by 634.
7
What is the remainder when 9525 is divided by 114?
63
What is the remainder when 4344166 is divided by 1902?
1900
What is the remainder when 55650 is divided by 19?
18
What is the remainder when 176240 is divided by 24?
8
What is the remainder when 72 is divided by 20?
12
What is the remainder when 1330946 is divided by 458?
456
Calculate the remainder when 89025 is divided by 848.
833
Calculate the remainder when 886 is divided by 574.
312
Calculate the remainder when 1243 is divided by 1071.
172
What is the remainder when 126371 is divided by 12?
11
Calculate the remainder when 530222 is divided by 244.
10
Calculate the remainder when 462101 is divided by 77015.
11
Calculate the remainder when 1479 is divided by 10.
9
Calcu